{"id":1357,"date":"2020-05-28T16:46:16","date_gmt":"2020-05-28T16:46:16","guid":{"rendered":"https:\/\/feuerwehr-weinboehla.de\/?page_id=1357"},"modified":"2020-05-28T16:46:54","modified_gmt":"2020-05-28T16:46:54","slug":"einsat-29-2020","status":"publish","type":"page","link":"https:\/\/feuerwehr-weinboehla.de\/?page_id=1357","title":{"rendered":"Einsat 29-2020"},"content":{"rendered":"\n<div class=\"wp-block-columns is-layout-flex wp-container-core-columns-is-layout-9d6595d7 wp-block-columns-is-layout-flex\">\n<div class=\"wp-block-column is-layout-flow wp-block-column-is-layout-flow\" style=\"flex-basis:66.66%\">\n<figure class=\"wp-block-table is-style-stripes\"><table class=\"\"><tbody><tr><td> Einsatzart <\/td><td>Brand<\/td><\/tr><tr><td> Einsatzstichwort <\/td><td>Waldbrand<\/td><\/tr><tr><td> Einsatzort <\/td><td>Auerstra\u00dfe<br>01640 Coswig<\/td><\/tr><tr><td> Einsatzbeginn <\/td><td>19:55<\/td><\/tr><tr><td> Einsatzende <\/td><td>20:25<\/td><\/tr><tr><td> Einsatzkr\u00e4fte <\/td><td>15<\/td><\/tr><tr><td> Fahrzeuge <\/td><td>TLF, LF<\/td><\/tr><tr><td> Weitere Kr\u00e4fte <\/td><td>Coswig: ELF, LF, TLF<br>Brockwitz LF<\/td><\/tr><tr><td> Links <\/td><td>&#8211;<\/td><\/tr><\/tbody><\/table><\/figure>\n<\/div>\n\n\n\n<div class=\"wp-block-column is-layout-flow wp-block-column-is-layout-flow\" style=\"flex-basis:33.33%\">\n<iframe loading=\"lazy\" src=\"https:\/\/www.google.com\/maps\/embed?pb=!1m18!1m12!1m3!1d2503.067446089718!2d13.588324315930128!3d51.14410734502083!2m3!1f0!2f0!3f0!3m2!1i1024!2i768!4f13.1!3m3!1m2!1s0x0%3A0x0!2zNTHCsDA4JzM4LjgiTiAxM8KwMzUnMjUuOSJF!5e0!3m2!1sde!2sde!4v1590684350496!5m2!1sde!2sde\" width=\"600\" height=\"450\" frameborder=\"0\" style=\"border:0;\" allowfullscreen=\"\" aria-hidden=\"false\" tabindex=\"0\"><\/iframe>\n<\/div>\n<\/div>\n","protected":false},"excerpt":{"rendered":"<p>Einsatzart Brand Einsatzstichwort Waldbrand Einsatzort Auerstra\u00dfe01640 Coswig Einsatzbeginn 19:55 Einsatzende 20:25 Einsatzkr\u00e4fte 15 Fahrzeuge TLF, LF Weitere Kr\u00e4fte Coswig: ELF, LF, TLFBrockwitz LF Links &#8211;<\/p>\n","protected":false},"author":1,"featured_media":0,"parent":0,"menu_order":0,"comment_status":"closed","ping_status":"closed","template":"","meta":{"footnotes":""},"class_list":["post-1357","page","type-page","status-publish","hentry"],"_links":{"self":[{"href":"https:\/\/feuerwehr-weinboehla.de\/index.php?rest_route=\/wp\/v2\/pages\/1357","targetHints":{"allow":["GET"]}}],"collection":[{"href":"https:\/\/feuerwehr-weinboehla.de\/index.php?rest_route=\/wp\/v2\/pages"}],"about":[{"href":"https:\/\/feuerwehr-weinboehla.de\/index.php?rest_route=\/wp\/v2\/types\/page"}],"author":[{"embeddable":true,"href":"https:\/\/feuerwehr-weinboehla.de\/index.php?rest_route=\/wp\/v2\/users\/1"}],"replies":[{"embeddable":true,"href":"https:\/\/feuerwehr-weinboehla.de\/index.php?rest_route=%2Fwp%2Fv2%2Fcomments&post=1357"}],"version-history":[{"count":2,"href":"https:\/\/feuerwehr-weinboehla.de\/index.php?rest_route=\/wp\/v2\/pages\/1357\/revisions"}],"predecessor-version":[{"id":1360,"href":"https:\/\/feuerwehr-weinboehla.de\/index.php?rest_route=\/wp\/v2\/pages\/1357\/revisions\/1360"}],"wp:attachment":[{"href":"https:\/\/feuerwehr-weinboehla.de\/index.php?rest_route=%2Fwp%2Fv2%2Fmedia&parent=1357"}],"curies":[{"name":"wp","href":"https:\/\/api.w.org\/{rel}","templated":true}]}}