{"id":1520,"date":"2020-07-09T15:13:01","date_gmt":"2020-07-09T15:13:01","guid":{"rendered":"https:\/\/feuerwehr-weinboehla.de\/?page_id=1520"},"modified":"2020-07-12T16:13:49","modified_gmt":"2020-07-12T16:13:49","slug":"einsatz-43","status":"publish","type":"page","link":"https:\/\/feuerwehr-weinboehla.de\/?page_id=1520","title":{"rendered":"Einsatz 43- 2020"},"content":{"rendered":"\n<div class=\"wp-block-columns is-layout-flex wp-container-core-columns-is-layout-9d6595d7 wp-block-columns-is-layout-flex\">\n<div class=\"wp-block-column is-layout-flow wp-block-column-is-layout-flow\" style=\"flex-basis:33.33%\">\n<iframe loading=\"lazy\" src=\"https:\/\/www.google.com\/maps\/embed?pb=!1m18!1m12!1m3!1d3089.130474906374!2d13.560897316091443!3d51.15297197957844!2m3!1f0!2f0!3f0!3m2!1i1024!2i768!4f13.1!3m3!1m2!1s0x0%3A0x0!2zNTHCsDA5JzEwLjciTiAxM8KwMzMnNDcuMSJF!5e1!3m2!1sde!2sde!4v1594307492838!5m2!1sde!2sde\" style=\"border:0;\" allowfullscreen=\"\" aria-hidden=\"false\" tabindex=\"0\" width=\"600\" height=\"450\" frameborder=\"0\"><\/iframe>\n<\/div>\n\n\n\n<div class=\"wp-block-column is-layout-flow wp-block-column-is-layout-flow\" style=\"flex-basis:66.66%\">\n<figure class=\"wp-block-table is-style-stripes\"><table><tbody><tr><td> Einsatzart <\/td><td>BE \u00d6dland Wiese\/ Bahndamm<\/td><\/tr><tr><td> Einsatzstichwort <\/td><td>b-klein-k<\/td><\/tr><tr><td> Einsatzort <\/td><td>S\u00f6rnewitzer Stra\u00dfe<br>01689 Weinb\u00f6hla<\/td><\/tr><tr><td> Einsatzbeginn <\/td><td>15.54 Uhr<\/td><\/tr><tr><td> Einsatzende <\/td><td>16.30 Uhr<\/td><\/tr><tr><td> Einsatzkr\u00e4fte <\/td><td>9<\/td><\/tr><tr><td> Fahrzeuge <\/td><td>LF 16\/12<\/td><\/tr><tr><td> Weitere Kr\u00e4fte <\/td><td>&#8211;<\/td><\/tr><tr><td> Links <\/td><td>&#8211;<\/td><\/tr><\/tbody><\/table><\/figure>\n<\/div>\n<\/div>\n","protected":false},"excerpt":{"rendered":"<p>Einsatzart BE \u00d6dland Wiese\/ Bahndamm Einsatzstichwort b-klein-k Einsatzort S\u00f6rnewitzer Stra\u00dfe01689 Weinb\u00f6hla Einsatzbeginn 15.54 Uhr Einsatzende 16.30 Uhr Einsatzkr\u00e4fte 9 Fahrzeuge LF 16\/12 Weitere Kr\u00e4fte &#8211; Links &#8211;<\/p>\n","protected":false},"author":1,"featured_media":0,"parent":0,"menu_order":0,"comment_status":"closed","ping_status":"closed","template":"","meta":{"footnotes":""},"class_list":["post-1520","page","type-page","status-publish","hentry"],"_links":{"self":[{"href":"https:\/\/feuerwehr-weinboehla.de\/index.php?rest_route=\/wp\/v2\/pages\/1520","targetHints":{"allow":["GET"]}}],"collection":[{"href":"https:\/\/feuerwehr-weinboehla.de\/index.php?rest_route=\/wp\/v2\/pages"}],"about":[{"href":"https:\/\/feuerwehr-weinboehla.de\/index.php?rest_route=\/wp\/v2\/types\/page"}],"author":[{"embeddable":true,"href":"https:\/\/feuerwehr-weinboehla.de\/index.php?rest_route=\/wp\/v2\/users\/1"}],"replies":[{"embeddable":true,"href":"https:\/\/feuerwehr-weinboehla.de\/index.php?rest_route=%2Fwp%2Fv2%2Fcomments&post=1520"}],"version-history":[{"count":2,"href":"https:\/\/feuerwehr-weinboehla.de\/index.php?rest_route=\/wp\/v2\/pages\/1520\/revisions"}],"predecessor-version":[{"id":1549,"href":"https:\/\/feuerwehr-weinboehla.de\/index.php?rest_route=\/wp\/v2\/pages\/1520\/revisions\/1549"}],"wp:attachment":[{"href":"https:\/\/feuerwehr-weinboehla.de\/index.php?rest_route=%2Fwp%2Fv2%2Fmedia&parent=1520"}],"curies":[{"name":"wp","href":"https:\/\/api.w.org\/{rel}","templated":true}]}}

<div class="wp-block-columns is-layout-flex wp-container-core-columns-is-layout-9d6595d7 wp-block-columns-is-layout-flex">
<div class="wp-block-column is-layout-flow wp-block-column-is-layout-flow" style="flex-basis:33.33%">
<iframe loading="lazy" src="https://www.google.com/maps/embed?pb=!1m18!1m12!1m3!1d3089.130474906374!2d13.560897316091443!3d51.15297197957844!2m3!1f0!2f0!3f0!3m2!1i1024!2i768!4f13.1!3m3!1m2!1s0x0%3A0x0!2zNTHCsDA5JzEwLjciTiAxM8KwMzMnNDcuMSJF!5e1!3m2!1sde!2sde!4v1594307492838!5m2!1sde!2sde" style="border:0;" allowfullscreen="" aria-hidden="false" tabindex="0" width="600" height="450" frameborder="0"></iframe>
</div>



<div class="wp-block-column is-layout-flow wp-block-column-is-layout-flow" style="flex-basis:66.66%">
<figure class="wp-block-table is-style-stripes"><table><tbody><tr><td> Einsatzart </td><td>BE Ödland Wiese/ Bahndamm</td></tr><tr><td> Einsatzstichwort </td><td>b-klein-k</td></tr><tr><td> Einsatzort </td><td>Sörnewitzer Straße<br>01689 Weinböhla</td></tr><tr><td> Einsatzbeginn </td><td>15.54 Uhr</td></tr><tr><td> Einsatzende </td><td>16.30 Uhr</td></tr><tr><td> Einsatzkräfte </td><td>9</td></tr><tr><td> Fahrzeuge </td><td>LF 16/12</td></tr><tr><td> Weitere Kräfte </td><td>&#8211;</td></tr><tr><td> Links </td><td>&#8211;</td></tr></tbody></table></figure>
</div>
</div>

<p>Einsatzart BE Ödland Wiese/ Bahndamm Einsatzstichwort b-klein-k Einsatzort Sörnewitzer Straße01689 Weinböhla Einsatzbeginn 15.54 Uhr Einsatzende 16.30 Uhr Einsatzkräfte 9 Fahrzeuge LF 16/12 Weitere Kräfte &#8211; Links &#8211;</p>
