{"id":2060,"date":"2020-11-12T07:59:49","date_gmt":"2020-11-12T07:59:49","guid":{"rendered":"https:\/\/feuerwehr-weinboehla.de\/?page_id=2060"},"modified":"2020-11-12T07:59:50","modified_gmt":"2020-11-12T07:59:50","slug":"einsatz-62-2020","status":"publish","type":"page","link":"https:\/\/feuerwehr-weinboehla.de\/?page_id=2060","title":{"rendered":"Einsatz 62 &#8211; 2020"},"content":{"rendered":"\n<div class=\"wp-block-columns is-layout-flex wp-container-core-columns-is-layout-9d6595d7 wp-block-columns-is-layout-flex\">\n<div class=\"wp-block-column is-layout-flow wp-block-column-is-layout-flow\" style=\"flex-basis:66.66%\">\n<figure class=\"wp-block-table is-style-stripes\"><table><tbody><tr><td> Einsatzart <\/td><td>THL \u00d6ffnen von T\u00fcren <\/td><\/tr><tr><td> Einsatzstichwort <\/td><td>Person in Notlage<\/td><\/tr><tr><td> Einsatzort <\/td><td>Am Birkenhain<br>016898 Weinb\u00f6hla<\/td><\/tr><tr><td> Einsatzbeginn <\/td><td>09.09.2020 13:46Uhr<\/td><\/tr><tr><td> Einsatzende <\/td><td>09.09.2020 14:10Uhr<\/td><\/tr><tr><td> Einsatzkr\u00e4fte <\/td><td>4<\/td><\/tr><tr><td> Fahrzeuge <\/td><td>VRW<\/td><\/tr><tr><td> Weitere Kr\u00e4fte <\/td><td>&#8211;<\/td><\/tr><tr><td> Links <\/td><td>&#8211;<\/td><\/tr><\/tbody><\/table><\/figure>\n<\/div>\n\n\n\n<div class=\"wp-block-column is-layout-flow wp-block-column-is-layout-flow\" style=\"flex-basis:33.33%\">\n<iframe loading=\"lazy\" src=\"https:\/\/www.google.com\/maps\/embed?pb=!1m18!1m12!1m3!1d2502.767796022616!2d13.570677316064033!3d51.14963297957796!2m3!1f0!2f0!3f0!3m2!1i1024!2i768!4f13.1!3m3!1m2!1s0x0%3A0x0!2zNTHCsDA4JzU4LjciTiAxM8KwMzQnMjIuMyJF!5e0!3m2!1sde!2sde!4v1605167969729!5m2!1sde!2sde\" width=\"600\" height=\"450\" frameborder=\"0\" style=\"border:0;\" allowfullscreen=\"\" aria-hidden=\"false\" tabindex=\"0\"><\/iframe>\n<\/div>\n<\/div>\n","protected":false},"excerpt":{"rendered":"<p>Einsatzart THL \u00d6ffnen von T\u00fcren Einsatzstichwort Person in Notlage Einsatzort Am Birkenhain016898 Weinb\u00f6hla Einsatzbeginn 09.09.2020 13:46Uhr Einsatzende 09.09.2020 14:10Uhr Einsatzkr\u00e4fte 4 Fahrzeuge VRW Weitere Kr\u00e4fte &#8211; Links &#8211;<\/p>\n","protected":false},"author":1,"featured_media":0,"parent":0,"menu_order":0,"comment_status":"closed","ping_status":"closed","template":"","meta":{"footnotes":""},"class_list":["post-2060","page","type-page","status-publish","hentry"],"_links":{"self":[{"href":"https:\/\/feuerwehr-weinboehla.de\/index.php?rest_route=\/wp\/v2\/pages\/2060","targetHints":{"allow":["GET"]}}],"collection":[{"href":"https:\/\/feuerwehr-weinboehla.de\/index.php?rest_route=\/wp\/v2\/pages"}],"about":[{"href":"https:\/\/feuerwehr-weinboehla.de\/index.php?rest_route=\/wp\/v2\/types\/page"}],"author":[{"embeddable":true,"href":"https:\/\/feuerwehr-weinboehla.de\/index.php?rest_route=\/wp\/v2\/users\/1"}],"replies":[{"embeddable":true,"href":"https:\/\/feuerwehr-weinboehla.de\/index.php?rest_route=%2Fwp%2Fv2%2Fcomments&post=2060"}],"version-history":[{"count":1,"href":"https:\/\/feuerwehr-weinboehla.de\/index.php?rest_route=\/wp\/v2\/pages\/2060\/revisions"}],"predecessor-version":[{"id":2062,"href":"https:\/\/feuerwehr-weinboehla.de\/index.php?rest_route=\/wp\/v2\/pages\/2060\/revisions\/2062"}],"wp:attachment":[{"href":"https:\/\/feuerwehr-weinboehla.de\/index.php?rest_route=%2Fwp%2Fv2%2Fmedia&parent=2060"}],"curies":[{"name":"wp","href":"https:\/\/api.w.org\/{rel}","templated":true}]}}

<div class="wp-block-columns is-layout-flex wp-container-core-columns-is-layout-9d6595d7 wp-block-columns-is-layout-flex">
<div class="wp-block-column is-layout-flow wp-block-column-is-layout-flow" style="flex-basis:66.66%">
<figure class="wp-block-table is-style-stripes"><table><tbody><tr><td> Einsatzart </td><td>THL Öffnen von Türen </td></tr><tr><td> Einsatzstichwort </td><td>Person in Notlage</td></tr><tr><td> Einsatzort </td><td>Am Birkenhain<br>016898 Weinböhla</td></tr><tr><td> Einsatzbeginn </td><td>09.09.2020 13:46Uhr</td></tr><tr><td> Einsatzende </td><td>09.09.2020 14:10Uhr</td></tr><tr><td> Einsatzkräfte </td><td>4</td></tr><tr><td> Fahrzeuge </td><td>VRW</td></tr><tr><td> Weitere Kräfte </td><td>&#8211;</td></tr><tr><td> Links </td><td>&#8211;</td></tr></tbody></table></figure>
</div>



<div class="wp-block-column is-layout-flow wp-block-column-is-layout-flow" style="flex-basis:33.33%">
<iframe loading="lazy" src="https://www.google.com/maps/embed?pb=!1m18!1m12!1m3!1d2502.767796022616!2d13.570677316064033!3d51.14963297957796!2m3!1f0!2f0!3f0!3m2!1i1024!2i768!4f13.1!3m3!1m2!1s0x0%3A0x0!2zNTHCsDA4JzU4LjciTiAxM8KwMzQnMjIuMyJF!5e0!3m2!1sde!2sde!4v1605167969729!5m2!1sde!2sde" width="600" height="450" frameborder="0" style="border:0;" allowfullscreen="" aria-hidden="false" tabindex="0"></iframe>
</div>
</div>

<p>Einsatzart THL Öffnen von Türen Einsatzstichwort Person in Notlage Einsatzort Am Birkenhain016898 Weinböhla Einsatzbeginn 09.09.2020 13:46Uhr Einsatzende 09.09.2020 14:10Uhr Einsatzkräfte 4 Fahrzeuge VRW Weitere Kräfte &#8211; Links &#8211;</p>
