{"id":2141,"date":"2021-01-13T09:05:59","date_gmt":"2021-01-13T09:05:59","guid":{"rendered":"https:\/\/feuerwehr-weinboehla.de\/?page_id=2141"},"modified":"2022-03-17T16:27:05","modified_gmt":"2022-03-17T16:27:05","slug":"2021-2","status":"publish","type":"page","link":"https:\/\/feuerwehr-weinboehla.de\/?page_id=2141","title":{"rendered":"2021"},"content":{"rendered":"\n<h2 class=\"wp-block-heading\">Einsatzstatistik 2021<\/h2>\n\n\n\n<p>Aus dieser Statistik k\u00f6nnen Sie entnehmen, zu wie vielen Eins\u00e4tze die Feuerwehr Weinb\u00f6hla im&nbsp;<a href=\"https:\/\/feuerwehr-weinboehla.de\/?page_id=2141\" target=\"_blank\" rel=\"noreferrer noopener\">Jahr 2021<\/a>&nbsp;gefahren ist. \u00dcber die H\u00e4lfe der Eins\u00e4tze bestand aus Technischen Hilfeleistungen. Darunter z\u00e4hlt das \u00d6ffnen von T\u00fcren und die Beseitigung von Sturmsch\u00e4den aber auch Unf\u00e4lle und \u00d6lspuren. Insgesamt bel\u00e4uft es sich dabei auf 53 Eins\u00e4tze. Zu \u00fcber\u00f6rtlichen Eins\u00e4tzen (also Eins\u00e4tze die au\u00dferhalb von Weinb\u00f6hla waren) wurde die Feuerwehr 22-mal gerufen. Brandeis\u00e4tze hatte die Feuerwehr diese Jahr 9. Dazu kommen noch 5 Fehlalarmierungen, 4 sonstige Eins\u00e4tze und 1 Tier \/ Insekten Einsatz. Insgesamt ist die Feuerwehr Weinb\u00f6hla sozusagen zu 94 Eins\u00e4tzen ausger\u00fcckt.<\/p>\n\n\n\n<figure class=\"wp-block-image is-resized\"><img loading=\"lazy\" decoding=\"async\" src=\"https:\/\/feuerwehr-weinboehla.de\/wp-content\/uploads\/2022\/03\/Einsatzstatistik_2021.jpg\" alt=\"\" class=\"wp-image-4412\" width=\"379\" height=\"267\" srcset=\"https:\/\/feuerwehr-weinboehla.de\/wp-content\/uploads\/2022\/03\/Einsatzstatistik_2021.jpg 829w, https:\/\/feuerwehr-weinboehla.de\/wp-content\/uploads\/2022\/03\/Einsatzstatistik_2021-300x211.jpg 300w, https:\/\/feuerwehr-weinboehla.de\/wp-content\/uploads\/2022\/03\/Einsatzstatistik_2021-768x540.jpg 768w\" sizes=\"auto, (max-width: 379px) 100vw, 379px\" \/><\/figure>\n\n\n\n<div class=\"wp-block-columns is-layout-flex wp-container-core-columns-is-layout-9d6595d7 wp-block-columns-is-layout-flex\">\n<div class=\"wp-block-column is-layout-flow wp-block-column-is-layout-flow\">\n<ul class=\"wp-block-list\"><li><a rel=\"noreferrer noopener\" href=\"https:\/\/feuerwehr-weinboehla.de\/?p=2150\" target=\"_blank\">Einsatz 1<\/a><\/li><li><a href=\"https:\/\/feuerwehr-weinboehla.de\/?p=2155\">Einsatz 2<\/a><\/li><li><a href=\"https:\/\/feuerwehr-weinboehla.de\/?p=2218\" target=\"_blank\" rel=\"noreferrer noopener\">Einsatz 3<\/a><\/li><li><a href=\"https:\/\/feuerwehr-weinboehla.de\/?p=2163\">Einsatz 4<\/a><\/li><li><a href=\"https:\/\/feuerwehr-weinboehla.de\/?p=2167\">Einsatz 5<\/a><\/li><li><a href=\"https:\/\/feuerwehr-weinboehla.de\/?p=2225\" data-type=\"URL\" data-id=\"https:\/\/feuerwehr-weinboehla.de\/?p=2225\" target=\"_blank\" rel=\"noreferrer noopener\">Einsatz 6<\/a><\/li><li><a href=\"https:\/\/feuerwehr-weinboehla.de\/?p=2233\" target=\"_blank\" rel=\"noreferrer noopener\">Einsatz 7<\/a><\/li><li><a href=\"https:\/\/feuerwehr-weinboehla.de\/?p=2239\">Einsatz 8<\/a><\/li><li><a href=\"https:\/\/feuerwehr-weinboehla.de\/?p=2236\" target=\"_blank\" rel=\"noreferrer noopener\">Einsatz 9<\/a><\/li><li><a href=\"https:\/\/feuerwehr-weinboehla.de\/?p=2242\" target=\"_blank\" rel=\"noreferrer noopener\">Einsatz 10<\/a><\/li><\/ul>\n\n\n\n<ul class=\"wp-block-list\"><li><a href=\"https:\/\/feuerwehr-weinboehla.de\/?p=2399\">Einsatz 31<\/a><\/li><li><a href=\"https:\/\/feuerwehr-weinboehla.de\/?p=2402\">Einsatz 32<\/a><\/li><li><a href=\"https:\/\/feuerwehr-weinboehla.de\/?p=2405\">Einsatz 33<\/a><\/li><li><a href=\"https:\/\/feuerwehr-weinboehla.de\/?p=2409\">Einsatz 34<\/a><\/li><li><a href=\"https:\/\/feuerwehr-weinboehla.de\/?p=2498\">Einsatz 35<\/a><\/li><li><a href=\"https:\/\/feuerwehr-weinboehla.de\/?p=2766\">Einsatz 36<\/a><\/li><li><a href=\"https:\/\/feuerwehr-weinboehla.de\/?p=2769\">Einsatz 37<\/a><\/li><li><a href=\"https:\/\/feuerwehr-weinboehla.de\/?p=2773\">Einsatz 38<\/a><\/li><li><a href=\"https:\/\/feuerwehr-weinboehla.de\/?p=2777\">Einsatz 39<\/a><\/li><li><a href=\"https:\/\/feuerwehr-weinboehla.de\/?p=2826\">Einsatz 40<\/a><\/li><\/ul>\n<\/div>\n\n\n\n<div class=\"wp-block-column is-layout-flow wp-block-column-is-layout-flow\">\n<ul class=\"wp-block-list\"><li><a rel=\"noreferrer noopener\" href=\"https:\/\/feuerwehr-weinboehla.de\/?p=2247\" target=\"_blank\">Einsatz 11<\/a><\/li><li><a rel=\"noreferrer noopener\" href=\"https:\/\/feuerwehr-weinboehla.de\/?p=2251\" target=\"_blank\">Einsatz 12<\/a><\/li><li><a rel=\"noreferrer noopener\" href=\"https:\/\/feuerwehr-weinboehla.de\/?p=2253\" target=\"_blank\">Einsatz 13<\/a><\/li><li><a rel=\"noreferrer noopener\" href=\"https:\/\/feuerwehr-weinboehla.de\/?p=2257\" target=\"_blank\">Einsatz 14<\/a><\/li><li><a rel=\"noreferrer noopener\" href=\"https:\/\/feuerwehr-weinboehla.de\/?p=2260\" target=\"_blank\">Eisnatz 15<\/a><\/li><li><a rel=\"noreferrer noopener\" href=\"https:\/\/feuerwehr-weinboehla.de\/?p=2262\" target=\"_blank\">Einsatz 16<\/a><\/li><li><a rel=\"noreferrer noopener\" href=\"https:\/\/feuerwehr-weinboehla.de\/?p=2265\" target=\"_blank\">Einsatz 17<\/a><\/li><li><a rel=\"noreferrer noopener\" href=\"https:\/\/feuerwehr-weinboehla.de\/?p=2268\" target=\"_blank\">Einsatz 18<\/a><\/li><li><a rel=\"noreferrer noopener\" href=\"https:\/\/feuerwehr-weinboehla.de\/?p=2271\" target=\"_blank\">Einsatz 19<\/a><\/li><li><a href=\"https:\/\/feuerwehr-weinboehla.de\/?p=2278\" target=\"_blank\" rel=\"noreferrer noopener\">Einsatz 20<\/a><\/li><\/ul>\n\n\n\n<ul class=\"wp-block-list\"><li><a href=\"https:\/\/feuerwehr-weinboehla.de\/?p=2830\">Einsatz 41<\/a><\/li><li><a href=\"https:\/\/feuerwehr-weinboehla.de\/?p=2953\">Einsatz 42<\/a><\/li><li><a href=\"https:\/\/feuerwehr-weinboehla.de\/?p=2956\">Einsatz 43<\/a><\/li><li><a href=\"https:\/\/feuerwehr-weinboehla.de\/?p=2959\">Einsatz 44<\/a><\/li><li><a href=\"https:\/\/feuerwehr-weinboehla.de\/?p=2962\">Einsatz 45<\/a><\/li><li><a href=\"https:\/\/feuerwehr-weinboehla.de\/?p=2965\">Einsatz 46<\/a><\/li><li><a href=\"https:\/\/feuerwehr-weinboehla.de\/?p=3116\">Einsatz 47<\/a><\/li><li><a href=\"https:\/\/feuerwehr-weinboehla.de\/?p=3119\">insatz 48<\/a><\/li><li><a href=\"https:\/\/feuerwehr-weinboehla.de\/?p=3372\">Einsatz 49<\/a><\/li><li><a href=\"https:\/\/feuerwehr-weinboehla.de\/?p=3473\">Einsatz 50<\/a><\/li><\/ul>\n\n\n\n<p><\/p>\n<\/div>\n\n\n\n<div class=\"wp-block-column is-layout-flow wp-block-column-is-layout-flow\">\n<ul class=\"wp-block-list\"><li><a rel=\"noreferrer noopener\" href=\"https:\/\/feuerwehr-weinboehla.de\/?p=2282\" target=\"_blank\">Einsatz 21<\/a><\/li><li><a rel=\"noreferrer noopener\" href=\"https:\/\/feuerwehr-weinboehla.de\/?p=2285\" target=\"_blank\">Einsatz 22<\/a><\/li><li><a rel=\"noreferrer noopener\" href=\"https:\/\/feuerwehr-weinboehla.de\/?p=2288\" target=\"_blank\">Einsatz 23<\/a><\/li><li><a rel=\"noreferrer noopener\" href=\"https:\/\/feuerwehr-weinboehla.de\/?p=2291\" target=\"_blank\">Einsatz 24<\/a><\/li><li><a rel=\"noreferrer noopener\" href=\"https:\/\/feuerwehr-weinboehla.de\/?p=2294\" target=\"_blank\">Einsatz 25<\/a><\/li><li><a rel=\"noreferrer noopener\" href=\"https:\/\/feuerwehr-weinboehla.de\/?p=2299\" target=\"_blank\">Einsatz 26<\/a><\/li><li><a rel=\"noreferrer noopener\" href=\"https:\/\/feuerwehr-weinboehla.de\/?p=2302\" target=\"_blank\">Einsatz 27<\/a><\/li><li><a href=\"https:\/\/feuerwehr-weinboehla.de\/?p=2319\">Einsatz 28<\/a><\/li><li><a href=\"https:\/\/feuerwehr-weinboehla.de\/?p=2322&amp;preview=true\">Einsatz 29<\/a><\/li><li><a href=\"https:\/\/feuerwehr-weinboehla.de\/?p=2394\">Einsatz 30<\/a><\/li><\/ul>\n\n\n\n<ul class=\"wp-block-list\"><li><a href=\"https:\/\/feuerwehr-weinboehla.de\/?p=3482\">Einsatz 51<\/a><\/li><li><a href=\"https:\/\/feuerwehr-weinboehla.de\/?p=3484\">Einsatz 52<\/a><\/li><li><a href=\"https:\/\/feuerwehr-weinboehla.de\/?p=3503\">Einsatz 53<\/a><\/li><li><a href=\"https:\/\/feuerwehr-weinboehla.de\/?p=3518\">Einsatz 54<\/a><\/li><li><a href=\"https:\/\/feuerwehr-weinboehla.de\/?p=3521\">Einsatz 55<\/a><\/li><li><a href=\"https:\/\/feuerwehr-weinboehla.de\/?p=3524\">Einsatz 56<\/a><\/li><li><a href=\"https:\/\/feuerwehr-weinboehla.de\/?p=3534\">Einsatz 57<\/a><\/li><li><a href=\"https:\/\/feuerwehr-weinboehla.de\/?p=3551\">Einsatz 58<\/a><\/li><li><a href=\"https:\/\/feuerwehr-weinboehla.de\/?p=3554\">Einsatz 59<\/a><\/li><li><a href=\"https:\/\/feuerwehr-weinboehla.de\/?p=3562\">Einsatz 60<\/a><\/li><\/ul>\n<\/div>\n<\/div>\n\n\n\n<div class=\"wp-block-columns is-layout-flex wp-container-core-columns-is-layout-9d6595d7 wp-block-columns-is-layout-flex\">\n<div class=\"wp-block-column is-layout-flow wp-block-column-is-layout-flow\">\n<ul class=\"wp-block-list\"><li><a href=\"https:\/\/feuerwehr-weinboehla.de\/?p=3587\">Einsatz 61<\/a><\/li><li><a href=\"https:\/\/feuerwehr-weinboehla.de\/?p=3619\">Einsatz 62<\/a><\/li><li><a href=\"https:\/\/feuerwehr-weinboehla.de\/?p=3597\">Einsatz 63<\/a><\/li><li><a href=\"https:\/\/feuerwehr-weinboehla.de\/?p=3626\">Einsatz 64<\/a> <\/li><li><a href=\"https:\/\/feuerwehr-weinboehla.de\/?p=3722\">Einsatz 65 &#8211; 66 <\/a><\/li><li> <\/li><li><a href=\"https:\/\/feuerwehr-weinboehla.de\/?p=3725\">Einsatz 67- 69<\/a><\/li><li><\/li><li><a href=\"https:\/\/feuerwehr-weinboehla.de\/?p=3729\">Einsatz 70<\/a><\/li><\/ul>\n<\/div>\n\n\n\n<div class=\"wp-block-column is-layout-flow wp-block-column-is-layout-flow\">\n<ul class=\"wp-block-list\"><li><a href=\"https:\/\/feuerwehr-weinboehla.de\/?p=3733\">Einsatz 71<\/a><\/li><li><a href=\"https:\/\/feuerwehr-weinboehla.de\/?p=3736\">Einsatz 72<\/a><\/li><li><a href=\"https:\/\/feuerwehr-weinboehla.de\/?p=3739\">Einsatz 73<\/a><\/li><li><a href=\"https:\/\/feuerwehr-weinboehla.de\/?p=3743\">Einsatz 74<\/a> <\/li><li><a href=\"https:\/\/feuerwehr-weinboehla.de\/?p=3746\">Einsatz 75<\/a> <\/li><li><a href=\"https:\/\/feuerwehr-weinboehla.de\/?p=3749\">Einsatz 76<\/a> <\/li><li><a href=\"https:\/\/feuerwehr-weinboehla.de\/?p=3752\">Einsatz 77<\/a><\/li><li><a href=\"https:\/\/feuerwehr-weinboehla.de\/?p=3754\">Einsatz 78 <\/a><\/li><li><a href=\"https:\/\/feuerwehr-weinboehla.de\/?p=3758\">Einsatz 79<\/a><\/li><li><a href=\"https:\/\/feuerwehr-weinboehla.de\/?p=3761\">Einsatz 80<\/a><\/li><\/ul>\n<\/div>\n\n\n\n<div class=\"wp-block-column is-layout-flow wp-block-column-is-layout-flow\">\n<ul class=\"wp-block-list\"><li><a href=\"https:\/\/feuerwehr-weinboehla.de\/?p=3764\">Einsatz 81<\/a><\/li><li><a href=\"https:\/\/feuerwehr-weinboehla.de\/?p=3768\">Einsatz 82<\/a><\/li><li><a href=\"https:\/\/feuerwehr-weinboehla.de\/?p=3771\">Einsatz 83<\/a><\/li><li><a href=\"https:\/\/feuerwehr-weinboehla.de\/?p=3860\">Einsatz 84<\/a> <\/li><li><a href=\"https:\/\/feuerwehr-weinboehla.de\/?p=3863\">Einsatz 85 <\/a><\/li><li><a href=\"https:\/\/feuerwehr-weinboehla.de\/?p=3866\">Einsatz 86<\/a> <\/li><li><a href=\"https:\/\/feuerwehr-weinboehla.de\/?p=4074\">Einsatz 87<\/a><\/li><li><a href=\"https:\/\/feuerwehr-weinboehla.de\/?p=4070\">Einsatz 88 <\/a><\/li><li><a href=\"https:\/\/feuerwehr-weinboehla.de\/?p=4078\">Einsatz 89<\/a><\/li><li><a href=\"https:\/\/feuerwehr-weinboehla.de\/?p=4085\">Einsatz 90<\/a><\/li><\/ul>\n<\/div>\n<\/div>\n\n\n\n<div class=\"wp-block-columns is-layout-flex wp-container-core-columns-is-layout-9d6595d7 wp-block-columns-is-layout-flex\">\n<div class=\"wp-block-column is-layout-flow wp-block-column-is-layout-flow\">\n<ul class=\"wp-block-list\"><li><a href=\"https:\/\/feuerwehr-weinboehla.de\/?p=4237\">Einsatz 91<\/a><\/li><li><a href=\"https:\/\/feuerwehr-weinboehla.de\/?p=4241\">Einsatz 92<\/a><\/li><li><a href=\"https:\/\/feuerwehr-weinboehla.de\/?p=4245\">Einsatz 93<\/a><\/li><li><a href=\"https:\/\/feuerwehr-weinboehla.de\/?p=4248\">EInsatz 94<\/a><\/li><\/ul>\n<\/div>\n<\/div>\n","protected":false},"excerpt":{"rendered":"<p>Einsatzstatistik 2021 Aus dieser Statistik k\u00f6nnen Sie entnehmen, zu wie vielen Eins\u00e4tze die Feuerwehr Weinb\u00f6hla im&nbsp;Jahr 2021&nbsp;gefahren ist. \u00dcber die H\u00e4lfe der Eins\u00e4tze bestand aus Technischen Hilfeleistungen. Darunter z\u00e4hlt das \u00d6ffnen von T\u00fcren und die Beseitigung von Sturmsch\u00e4den aber auch Unf\u00e4lle und \u00d6lspuren. Insgesamt bel\u00e4uft es sich dabei auf 53 Eins\u00e4tze. Zu \u00fcber\u00f6rtlichen Eins\u00e4tzen (also &hellip; <\/p>\n<p class=\"link-more\"><a href=\"https:\/\/feuerwehr-weinboehla.de\/?page_id=2141\" class=\"more-link\"><span class=\"screen-reader-text\">\u201e2021\u201c <\/span>weiterlesen<\/a><\/p>\n","protected":false},"author":1,"featured_media":0,"parent":0,"menu_order":0,"comment_status":"closed","ping_status":"closed","template":"","meta":{"footnotes":""},"class_list":["post-2141","page","type-page","status-publish","hentry"],"_links":{"self":[{"href":"https:\/\/feuerwehr-weinboehla.de\/index.php?rest_route=\/wp\/v2\/pages\/2141","targetHints":{"allow":["GET"]}}],"collection":[{"href":"https:\/\/feuerwehr-weinboehla.de\/index.php?rest_route=\/wp\/v2\/pages"}],"about":[{"href":"https:\/\/feuerwehr-weinboehla.de\/index.php?rest_route=\/wp\/v2\/types\/page"}],"author":[{"embeddable":true,"href":"https:\/\/feuerwehr-weinboehla.de\/index.php?rest_route=\/wp\/v2\/users\/1"}],"replies":[{"embeddable":true,"href":"https:\/\/feuerwehr-weinboehla.de\/index.php?rest_route=%2Fwp%2Fv2%2Fcomments&post=2141"}],"version-history":[{"count":101,"href":"https:\/\/feuerwehr-weinboehla.de\/index.php?rest_route=\/wp\/v2\/pages\/2141\/revisions"}],"predecessor-version":[{"id":4495,"href":"https:\/\/feuerwehr-weinboehla.de\/index.php?rest_route=\/wp\/v2\/pages\/2141\/revisions\/4495"}],"wp:attachment":[{"href":"https:\/\/feuerwehr-weinboehla.de\/index.php?rest_route=%2Fwp%2Fv2%2Fmedia&parent=2141"}],"curies":[{"name":"wp","href":"https:\/\/api.w.org\/{rel}","templated":true}]}}