{"id":281,"date":"2019-07-18T06:30:10","date_gmt":"2019-07-18T06:30:10","guid":{"rendered":"http:\/\/fw-wbl.feuerwehr-weinboehla.de\/?page_id=281"},"modified":"2020-09-10T07:31:00","modified_gmt":"2020-09-10T07:31:00","slug":"einsatz-111-2019","status":"publish","type":"page","link":"https:\/\/feuerwehr-weinboehla.de\/?page_id=281","title":{"rendered":"Einsatz 3 &#8211; 2019"},"content":{"rendered":"\n<figure class=\"wp-block-table is-style-stripes\"><table class=\"has-subtle-light-gray-background-color has-fixed-layout has-background\"><tbody><tr><td>Einsatzart<\/td><td>Hilfeleistung<\/td><\/tr><tr><td>Einsatzstichwort<\/td><td>Person in Notlage<\/td><\/tr><tr><td>Einsatzort<\/td><td>Alte G\u00e4rtnerei<\/td><\/tr><tr><td>Einsatzbeginn<\/td><td>28.01.2019 12:02<\/td><\/tr><tr><td>Einsatzende<\/td><td>28.01.2019 12:30<\/td><\/tr><tr><td>Einsatzkr\u00e4fte<\/td><td>4<\/td><\/tr><tr><td>Fahrzeuge<\/td><td> VRW<\/td><\/tr><tr><td>Weitere Kr\u00e4fte<\/td><td> Polizei &amp; Rettungsdienst <\/td><\/tr><tr><td>Einsatzbericht<\/td><td>  T\u00fcr ge\u00f6ffnet, Person an <br>Rettungsdienst \u00fcbergeben <\/td><\/tr><tr><td>Links<\/td><td><\/td><\/tr><\/tbody><\/table><\/figure>\n\n\n\n<iframe loading=\"lazy\" src=\"https:\/\/www.google.com\/maps\/embed?pb=!1m18!1m12!1m3!1d2501.9296019550593!2d13.573460815962767!3d51.16508724349442!2m3!1f0!2f0!3f0!3m2!1i1024!2i768!4f13.1!3m3!1m2!1s0x4709d40d06970313%3A0xbb845744c71fe7b6!2sAlte+G%C3%A4rtnerei%2C+01689+Weinb%C3%B6hla!5e0!3m2!1sde!2sde!4v1563431528014!5m2!1sde!2sde\" style=\"border:0\" allowfullscreen=\"\" width=\"600\" height=\"450\" frameborder=\"0\"><\/iframe>\n\n\n\n<div class=\"wp-block-columns is-layout-flex wp-container-core-columns-is-layout-9d6595d7 wp-block-columns-is-layout-flex\">\n<div class=\"wp-block-column is-layout-flow wp-block-column-is-layout-flow\">\n<div class=\"wp-block-buttons is-layout-flex wp-block-buttons-is-layout-flex\"><\/div>\n<\/div>\n\n\n\n<div class=\"wp-block-column is-layout-flow wp-block-column-is-layout-flow\">\n<div class=\"wp-block-buttons is-layout-flex wp-block-buttons-is-layout-flex\"><\/div>\n<\/div>\n<\/div>\n","protected":false},"excerpt":{"rendered":"<p>Einsatzart Hilfeleistung Einsatzstichwort Person in Notlage Einsatzort Alte G\u00e4rtnerei Einsatzbeginn 28.01.2019 12:02 Einsatzende 28.01.2019 12:30 Einsatzkr\u00e4fte 4 Fahrzeuge VRW Weitere Kr\u00e4fte Polizei &amp; Rettungsdienst Einsatzbericht T\u00fcr ge\u00f6ffnet, Person an Rettungsdienst \u00fcbergeben Links<\/p>\n","protected":false},"author":1,"featured_media":0,"parent":0,"menu_order":0,"comment_status":"closed","ping_status":"closed","template":"","meta":{"footnotes":""},"class_list":["post-281","page","type-page","status-publish","hentry"],"_links":{"self":[{"href":"https:\/\/feuerwehr-weinboehla.de\/index.php?rest_route=\/wp\/v2\/pages\/281","targetHints":{"allow":["GET"]}}],"collection":[{"href":"https:\/\/feuerwehr-weinboehla.de\/index.php?rest_route=\/wp\/v2\/pages"}],"about":[{"href":"https:\/\/feuerwehr-weinboehla.de\/index.php?rest_route=\/wp\/v2\/types\/page"}],"author":[{"embeddable":true,"href":"https:\/\/feuerwehr-weinboehla.de\/index.php?rest_route=\/wp\/v2\/users\/1"}],"replies":[{"embeddable":true,"href":"https:\/\/feuerwehr-weinboehla.de\/index.php?rest_route=%2Fwp%2Fv2%2Fcomments&post=281"}],"version-history":[{"count":5,"href":"https:\/\/feuerwehr-weinboehla.de\/index.php?rest_route=\/wp\/v2\/pages\/281\/revisions"}],"predecessor-version":[{"id":1683,"href":"https:\/\/feuerwehr-weinboehla.de\/index.php?rest_route=\/wp\/v2\/pages\/281\/revisions\/1683"}],"wp:attachment":[{"href":"https:\/\/feuerwehr-weinboehla.de\/index.php?rest_route=%2Fwp%2Fv2%2Fmedia&parent=281"}],"curies":[{"name":"wp","href":"https:\/\/api.w.org\/{rel}","templated":true}]}}