{"id":360,"date":"2019-07-18T09:17:31","date_gmt":"2019-07-18T09:17:31","guid":{"rendered":"http:\/\/fw-wbl.feuerwehr-weinboehla.de\/?page_id=360"},"modified":"2020-02-12T05:15:28","modified_gmt":"2020-02-12T05:15:28","slug":"einsatz-26-2019","status":"publish","type":"page","link":"https:\/\/feuerwehr-weinboehla.de\/?page_id=360","title":{"rendered":"Einsatz 26 &#8211; 2019"},"content":{"rendered":"\n<figure class=\"wp-block-table is-style-stripes\"><table class=\"has-subtle-light-gray-background-color has-fixed-layout has-background\"><tbody><tr><td>Einsatzart<\/td><td>Hilfeleistung<\/td><\/tr><tr><td>Einsatzstichwort<\/td><td>Baum droht zu fallen<\/td><\/tr><tr><td>Einsatzort<\/td><td>S81, Parkplatz Steinbruch<\/td><\/tr><tr><td>Einsatzbeginn<\/td><td>20.03.2019 13:55<\/td><\/tr><tr><td>Einsatzende<\/td><td> 20.03.2019 14:50<\/td><\/tr><tr><td>Einsatzkr\u00e4fte<\/td><td>5<\/td><\/tr><tr><td>Fahrzeuge<\/td><td> KDOW, VRW<\/td><\/tr><tr><td>Weitere Kr\u00e4fte<\/td><td>&#8212;<\/td><\/tr><tr><td>Einsatzbericht<\/td><td>Baum welcher sich in starker Schr\u00e4glage befand beseitigt <\/td><\/tr><tr><td>Links<\/td><td>&#8212;<\/td><\/tr><\/tbody><\/table><\/figure>\n\n\n\n<iframe loading=\"lazy\" src=\"https:\/\/www.google.com\/maps\/embed?pb=!1m18!1m12!1m3!1d20037.60591657935!2d13.577420796390507!3d51.11398138524733!2m3!1f0!2f0!3f0!3m2!1i1024!2i768!4f13.1!3m3!1m2!1s0x4709d1a7ff35b6d3%3A0x3cecfbb8100f7fc!2sFeuerwehr+Radebeul+K%C3%B6tzschenbroda!5e0!3m2!1sde!2sde!4v1563548602211!5m2!1sde!2sde\" style=\"border:0\" allowfullscreen=\"\" width=\"600\" height=\"450\" frameborder=\"0\"><\/iframe>\n\n\n\n<p><a href=\"http:\/\/fw-wbl.feuerwehr-weinboehla.de\/wp-admin\/edit.php?post_type=page\">Alle Seiten<\/a><\/p>\n\n\n\n<p><\/p>\n","protected":false},"excerpt":{"rendered":"<p>Einsatzart Hilfeleistung Einsatzstichwort Baum droht zu fallen Einsatzort S81, Parkplatz Steinbruch Einsatzbeginn 20.03.2019 13:55 Einsatzende 20.03.2019 14:50 Einsatzkr\u00e4fte 5 Fahrzeuge KDOW, VRW Weitere Kr\u00e4fte &#8212; Einsatzbericht Baum welcher sich in starker Schr\u00e4glage befand beseitigt Links &#8212; Alle Seiten<\/p>\n","protected":false},"author":1,"featured_media":0,"parent":0,"menu_order":0,"comment_status":"closed","ping_status":"closed","template":"","meta":{"footnotes":""},"class_list":["post-360","page","type-page","status-publish","hentry"],"_links":{"self":[{"href":"https:\/\/feuerwehr-weinboehla.de\/index.php?rest_route=\/wp\/v2\/pages\/360","targetHints":{"allow":["GET"]}}],"collection":[{"href":"https:\/\/feuerwehr-weinboehla.de\/index.php?rest_route=\/wp\/v2\/pages"}],"about":[{"href":"https:\/\/feuerwehr-weinboehla.de\/index.php?rest_route=\/wp\/v2\/types\/page"}],"author":[{"embeddable":true,"href":"https:\/\/feuerwehr-weinboehla.de\/index.php?rest_route=\/wp\/v2\/users\/1"}],"replies":[{"embeddable":true,"href":"https:\/\/feuerwehr-weinboehla.de\/index.php?rest_route=%2Fwp%2Fv2%2Fcomments&post=360"}],"version-history":[{"count":5,"href":"https:\/\/feuerwehr-weinboehla.de\/index.php?rest_route=\/wp\/v2\/pages\/360\/revisions"}],"predecessor-version":[{"id":1143,"href":"https:\/\/feuerwehr-weinboehla.de\/index.php?rest_route=\/wp\/v2\/pages\/360\/revisions\/1143"}],"wp:attachment":[{"href":"https:\/\/feuerwehr-weinboehla.de\/index.php?rest_route=%2Fwp%2Fv2%2Fmedia&parent=360"}],"curies":[{"name":"wp","href":"https:\/\/api.w.org\/{rel}","templated":true}]}}