{"id":488,"date":"2019-07-23T09:34:53","date_gmt":"2019-07-23T09:34:53","guid":{"rendered":"http:\/\/fw-wbl.feuerwehr-weinboehla.de\/?page_id=488"},"modified":"2020-02-12T05:19:23","modified_gmt":"2020-02-12T05:19:23","slug":"einsatz-31-2019","status":"publish","type":"page","link":"https:\/\/feuerwehr-weinboehla.de\/?page_id=488","title":{"rendered":"Einsatz 31 &#8211; 2019"},"content":{"rendered":"\n<figure class=\"wp-block-table is-style-stripes\"><table class=\"has-subtle-light-gray-background-color has-fixed-layout has-background\"><tbody><tr><td>Einsatzart<\/td><td>Brand<\/td><\/tr><tr><td>Einsatzstichwort<\/td><td>Rauchentwicklung<\/td><\/tr><tr><td>Einsatzort<\/td><td>S80 H\u00f6he Parkplatz Wolfsdenkmal<\/td><\/tr><tr><td>Einsatzbeginn<\/td><td>20.04.2019 12:27<\/td><\/tr><tr><td>Einsatzende<\/td><td>20.04.2019 13:00<\/td><\/tr><tr><td>Einsatzkr\u00e4fte<\/td><td>8<\/td><\/tr><tr><td>Fahrzeuge<\/td><td>LF<\/td><\/tr><tr><td>Weitere Kr\u00e4fte<\/td><td><\/td><\/tr><tr><td>Einsatzbericht<\/td><td>ausgel\u00f6ste Brandmeldeanlage, Anlage zur\u00fcck gesetzt <\/td><\/tr><tr><td>Links<\/td><td>&#8212;<\/td><\/tr><\/tbody><\/table><\/figure>\n\n\n\n<iframe loading=\"lazy\" src=\"https:\/\/www.google.com\/maps\/embed?pb=!1m18!1m12!1m3!1d40033.91025693888!2d13.528092705203814!3d51.161588287073094!2m3!1f0!2f0!3f0!3m2!1i1024!2i768!4f13.1!3m3!1m2!1s0x0%3A0x5048d4d7d250224d!2sadvita+Haus+Weinb%C3%B6hla!5e0!3m2!1sde!2sde!4v1563874466022!5m2!1sde!2sde\" style=\"border:0\" allowfullscreen=\"\" width=\"600\" height=\"450\" frameborder=\"0\"><\/iframe>\n","protected":false},"excerpt":{"rendered":"<p>Einsatzart Brand Einsatzstichwort Rauchentwicklung Einsatzort S80 H\u00f6he Parkplatz Wolfsdenkmal Einsatzbeginn 20.04.2019 12:27 Einsatzende 20.04.2019 13:00 Einsatzkr\u00e4fte 8 Fahrzeuge LF Weitere Kr\u00e4fte Einsatzbericht ausgel\u00f6ste Brandmeldeanlage, Anlage zur\u00fcck gesetzt Links &#8212;<\/p>\n","protected":false},"author":1,"featured_media":0,"parent":0,"menu_order":0,"comment_status":"closed","ping_status":"closed","template":"","meta":{"footnotes":""},"class_list":["post-488","page","type-page","status-publish","hentry"],"_links":{"self":[{"href":"https:\/\/feuerwehr-weinboehla.de\/index.php?rest_route=\/wp\/v2\/pages\/488","targetHints":{"allow":["GET"]}}],"collection":[{"href":"https:\/\/feuerwehr-weinboehla.de\/index.php?rest_route=\/wp\/v2\/pages"}],"about":[{"href":"https:\/\/feuerwehr-weinboehla.de\/index.php?rest_route=\/wp\/v2\/types\/page"}],"author":[{"embeddable":true,"href":"https:\/\/feuerwehr-weinboehla.de\/index.php?rest_route=\/wp\/v2\/users\/1"}],"replies":[{"embeddable":true,"href":"https:\/\/feuerwehr-weinboehla.de\/index.php?rest_route=%2Fwp%2Fv2%2Fcomments&post=488"}],"version-history":[{"count":2,"href":"https:\/\/feuerwehr-weinboehla.de\/index.php?rest_route=\/wp\/v2\/pages\/488\/revisions"}],"predecessor-version":[{"id":1149,"href":"https:\/\/feuerwehr-weinboehla.de\/index.php?rest_route=\/wp\/v2\/pages\/488\/revisions\/1149"}],"wp:attachment":[{"href":"https:\/\/feuerwehr-weinboehla.de\/index.php?rest_route=%2Fwp%2Fv2%2Fmedia&parent=488"}],"curies":[{"name":"wp","href":"https:\/\/api.w.org\/{rel}","templated":true}]}}