{"id":659,"date":"2019-07-23T13:21:11","date_gmt":"2019-07-23T13:21:11","guid":{"rendered":"http:\/\/fw-wbl.feuerwehr-weinboehla.de\/?page_id=659"},"modified":"2020-02-12T05:47:39","modified_gmt":"2020-02-12T05:47:39","slug":"einsatz-74-2019","status":"publish","type":"page","link":"https:\/\/feuerwehr-weinboehla.de\/?page_id=659","title":{"rendered":"Einsatz 74 &#8211; 2019"},"content":{"rendered":"\n<figure class=\"wp-block-table is-style-stripes\"><table class=\"has-subtle-light-gray-background-color has-fixed-layout has-background\"><tbody><tr><td>Einsatzart<\/td><td>Brand<\/td><\/tr><tr><td>Einsatzstichwort<\/td><td>Feld<\/td><\/tr><tr><td>Einsatzort<\/td><td>Radeburger Stra\u00dfe, R\u00f6dern<\/td><\/tr><tr><td>Einsatzbeginn<\/td><td>03.07.2019 15:53<\/td><\/tr><tr><td>Einsatzende<\/td><td>03.07.2019 17:45<\/td><\/tr><tr><td>Einsatzkr\u00e4fte<\/td><td>6<\/td><\/tr><tr><td>Fahrzeuge<\/td><td>TLF<\/td><\/tr><tr><td>Weitere Kr\u00e4fte<\/td><td>&#8212;<\/td><\/tr><tr><td>Einsatzbericht<\/td><td>Unterst\u00fctzung FF Ebersbach bei einem Feldbrand<\/td><\/tr><tr><td>Links<\/td><td>&#8212;<\/td><\/tr><\/tbody><\/table><\/figure>\n\n\n\n<iframe loading=\"lazy\" src=\"https:\/\/www.google.com\/maps\/embed?pb=!1m18!1m12!1m3!1d3090.2647601242234!2d13.697826916096776!3d51.23316377959102!2m3!1f0!2f0!3f0!3m2!1i1024!2i768!4f13.1!3m3!1m2!1s0x47082d3c585933e7%3A0x93f87ec75759acbf!2sRadeburger+Str.%2C+Ebersbach!5e1!3m2!1sde!2sde!4v1563888063080!5m2!1sde!2sde\" style=\"border:0\" allowfullscreen=\"\" width=\"600\" height=\"450\" frameborder=\"0\"><\/iframe>\n","protected":false},"excerpt":{"rendered":"<p>Einsatzart Brand Einsatzstichwort Feld Einsatzort Radeburger Stra\u00dfe, R\u00f6dern Einsatzbeginn 03.07.2019 15:53 Einsatzende 03.07.2019 17:45 Einsatzkr\u00e4fte 6 Fahrzeuge TLF Weitere Kr\u00e4fte &#8212; Einsatzbericht Unterst\u00fctzung FF Ebersbach bei einem Feldbrand Links &#8212;<\/p>\n","protected":false},"author":1,"featured_media":0,"parent":0,"menu_order":0,"comment_status":"closed","ping_status":"closed","template":"","meta":{"footnotes":""},"class_list":["post-659","page","type-page","status-publish","hentry"],"_links":{"self":[{"href":"https:\/\/feuerwehr-weinboehla.de\/index.php?rest_route=\/wp\/v2\/pages\/659","targetHints":{"allow":["GET"]}}],"collection":[{"href":"https:\/\/feuerwehr-weinboehla.de\/index.php?rest_route=\/wp\/v2\/pages"}],"about":[{"href":"https:\/\/feuerwehr-weinboehla.de\/index.php?rest_route=\/wp\/v2\/types\/page"}],"author":[{"embeddable":true,"href":"https:\/\/feuerwehr-weinboehla.de\/index.php?rest_route=\/wp\/v2\/users\/1"}],"replies":[{"embeddable":true,"href":"https:\/\/feuerwehr-weinboehla.de\/index.php?rest_route=%2Fwp%2Fv2%2Fcomments&post=659"}],"version-history":[{"count":2,"href":"https:\/\/feuerwehr-weinboehla.de\/index.php?rest_route=\/wp\/v2\/pages\/659\/revisions"}],"predecessor-version":[{"id":1199,"href":"https:\/\/feuerwehr-weinboehla.de\/index.php?rest_route=\/wp\/v2\/pages\/659\/revisions\/1199"}],"wp:attachment":[{"href":"https:\/\/feuerwehr-weinboehla.de\/index.php?rest_route=%2Fwp%2Fv2%2Fmedia&parent=659"}],"curies":[{"name":"wp","href":"https:\/\/api.w.org\/{rel}","templated":true}]}}

<figure class="wp-block-table is-style-stripes"><table class="has-subtle-light-gray-background-color has-fixed-layout has-background"><tbody><tr><td>Einsatzart</td><td>Brand</td></tr><tr><td>Einsatzstichwort</td><td>Feld</td></tr><tr><td>Einsatzort</td><td>Radeburger Straße, Rödern</td></tr><tr><td>Einsatzbeginn</td><td>03.07.2019 15:53</td></tr><tr><td>Einsatzende</td><td>03.07.2019 17:45</td></tr><tr><td>Einsatzkräfte</td><td>6</td></tr><tr><td>Fahrzeuge</td><td>TLF</td></tr><tr><td>Weitere Kräfte</td><td>&#8212;</td></tr><tr><td>Einsatzbericht</td><td>Unterstützung FF Ebersbach bei einem Feldbrand</td></tr><tr><td>Links</td><td>&#8212;</td></tr></tbody></table></figure>



<iframe loading="lazy" src="https://www.google.com/maps/embed?pb=!1m18!1m12!1m3!1d3090.2647601242234!2d13.697826916096776!3d51.23316377959102!2m3!1f0!2f0!3f0!3m2!1i1024!2i768!4f13.1!3m3!1m2!1s0x47082d3c585933e7%3A0x93f87ec75759acbf!2sRadeburger+Str.%2C+Ebersbach!5e1!3m2!1sde!2sde!4v1563888063080!5m2!1sde!2sde" style="border:0" allowfullscreen="" width="600" height="450" frameborder="0"></iframe>

<p>Einsatzart Brand Einsatzstichwort Feld Einsatzort Radeburger Straße, Rödern Einsatzbeginn 03.07.2019 15:53 Einsatzende 03.07.2019 17:45 Einsatzkräfte 6 Fahrzeuge TLF Weitere Kräfte &#8212; Einsatzbericht Unterstützung FF Ebersbach bei einem Feldbrand Links &#8212;</p>
