{"id":662,"date":"2019-07-23T13:22:54","date_gmt":"2019-07-23T13:22:54","guid":{"rendered":"http:\/\/fw-wbl.feuerwehr-weinboehla.de\/?page_id=662"},"modified":"2020-09-10T06:55:16","modified_gmt":"2020-09-10T06:55:16","slug":"einsatz-75-2019","status":"publish","type":"page","link":"https:\/\/feuerwehr-weinboehla.de\/?page_id=662","title":{"rendered":"Einsatz 75 &#8211; 2019"},"content":{"rendered":"\n<figure class=\"wp-block-table is-style-stripes\"><table class=\"has-subtle-light-gray-background-color has-fixed-layout has-background\"><tbody><tr><td>Einsatzart<\/td><td>Brand<\/td><\/tr><tr><td>Einsatzstichwort<\/td><td>Wald<\/td><\/tr><tr><td>Einsatzort<\/td><td>S81 Auer<\/td><\/tr><tr><td>Einsatzbeginn<\/td><td>03.07.2019 22:31<\/td><\/tr><tr><td>Einsatzende<\/td><td>03.07.2019 23:30<\/td><\/tr><tr><td>Einsatzkr\u00e4fte<\/td><td>17<\/td><\/tr><tr><td>Fahrzeuge<\/td><td>KdoW, LF, TLF<\/td><\/tr><tr><td>Weitere Kr\u00e4fte<\/td><td>KdoW, LF, TLF<\/td><\/tr><tr><td>Einsatzbericht<\/td><td>Gebiet wurde gro\u00dfr\u00e4umig abgesucht, es konnte keine Feststellung gemacht werden<\/td><\/tr><tr><td>Links<\/td><td>&#8212;<\/td><\/tr><\/tbody><\/table><\/figure>\n\n\n\n<iframe loading=\"lazy\" src=\"https:\/\/www.google.com\/maps\/embed?pb=!1m18!1m12!1m3!1d3094.4889010084758!2d13.62925127958547!3d51.15915702546829!2m3!1f0!2f0!3f0!3m2!1i1024!2i768!4f13.1!3m3!1m2!1s0x4709d3c830897b43%3A0xf0b854d174da8c5e!2sS81+Parking!5e1!3m2!1sde!2sde!4v1563888162447!5m2!1sde!2sde\" style=\"border:0\" allowfullscreen=\"\" width=\"600\" height=\"450\" frameborder=\"0\"><\/iframe>\n","protected":false},"excerpt":{"rendered":"<p>Einsatzart Brand Einsatzstichwort Wald Einsatzort S81 Auer Einsatzbeginn 03.07.2019 22:31 Einsatzende 03.07.2019 23:30 Einsatzkr\u00e4fte 17 Fahrzeuge KdoW, LF, TLF Weitere Kr\u00e4fte KdoW, LF, TLF Einsatzbericht Gebiet wurde gro\u00dfr\u00e4umig abgesucht, es konnte keine Feststellung gemacht werden Links &#8212;<\/p>\n","protected":false},"author":1,"featured_media":0,"parent":0,"menu_order":0,"comment_status":"closed","ping_status":"closed","template":"","meta":{"footnotes":""},"class_list":["post-662","page","type-page","status-publish","hentry"],"_links":{"self":[{"href":"https:\/\/feuerwehr-weinboehla.de\/index.php?rest_route=\/wp\/v2\/pages\/662","targetHints":{"allow":["GET"]}}],"collection":[{"href":"https:\/\/feuerwehr-weinboehla.de\/index.php?rest_route=\/wp\/v2\/pages"}],"about":[{"href":"https:\/\/feuerwehr-weinboehla.de\/index.php?rest_route=\/wp\/v2\/types\/page"}],"author":[{"embeddable":true,"href":"https:\/\/feuerwehr-weinboehla.de\/index.php?rest_route=\/wp\/v2\/users\/1"}],"replies":[{"embeddable":true,"href":"https:\/\/feuerwehr-weinboehla.de\/index.php?rest_route=%2Fwp%2Fv2%2Fcomments&post=662"}],"version-history":[{"count":2,"href":"https:\/\/feuerwehr-weinboehla.de\/index.php?rest_route=\/wp\/v2\/pages\/662\/revisions"}],"predecessor-version":[{"id":1200,"href":"https:\/\/feuerwehr-weinboehla.de\/index.php?rest_route=\/wp\/v2\/pages\/662\/revisions\/1200"}],"wp:attachment":[{"href":"https:\/\/feuerwehr-weinboehla.de\/index.php?rest_route=%2Fwp%2Fv2%2Fmedia&parent=662"}],"curies":[{"name":"wp","href":"https:\/\/api.w.org\/{rel}","templated":true}]}}