{"id":683,"date":"2019-07-23T13:39:56","date_gmt":"2019-07-23T13:39:56","guid":{"rendered":"http:\/\/fw-wbl.feuerwehr-weinboehla.de\/?page_id=683"},"modified":"2019-07-23T16:44:07","modified_gmt":"2019-07-23T16:44:07","slug":"einsatz-82-91-2019","status":"publish","type":"page","link":"https:\/\/feuerwehr-weinboehla.de\/?page_id=683","title":{"rendered":"Einsatz 82-89 &#8211; 2019"},"content":{"rendered":"\n<table class=\"wp-block-table has-subtle-light-gray-background-color has-fixed-layout has-background is-style-stripes\"><tbody><tr><td>Einsatzart<\/td><td>Hilfeleistung<\/td><\/tr><tr><td>Einsatzstichwort<\/td><td>Unwetter<\/td><\/tr><tr><td>Einsatzort<\/td><td>Gemeinde Weinb\u00f6hla<\/td><\/tr><tr><td>Einsatzbeginn<\/td><td>12.07.2019 18:49<\/td><\/tr><tr><td>Einsatzende<\/td><td>12.07.2019 21:05<\/td><\/tr><tr><td>Einsatzkr\u00e4fte<\/td><td>25<\/td><\/tr><tr><td>Fahrzeuge<\/td><td>KdoW, LF, TLF, VRW, MTW<\/td><\/tr><tr><td>Weitere Kr\u00e4fte<\/td><td>&#8212;<\/td><\/tr><tr><td>Einsatzbericht<\/td><td>Ein Starkregengebiet zog durch Weinb\u00f6hla. Dies verschaffte der Feuerwehr 8 Eins\u00e4tze. \u00dcberflutung s\u00e4mtlicher Unterf\u00fchrungen und Keller waren die Folgen.<\/td><\/tr><tr><td>Links<\/td><td>&#8212;<\/td><\/tr><\/tbody><\/table>\n\n\n\n<iframe loading=\"lazy\" src=\"https:\/\/www.google.com\/maps\/embed?pb=!1m18!1m12!1m3!1d49517.88389181933!2d13.550679885409869!3d51.16459482245281!2m3!1f0!2f0!3f0!3m2!1i1024!2i768!4f13.1!3m3!1m2!1s0x4709d40ad0292bf9%3A0x421b1cb4288d690!2sWeinb%C3%B6hla!5e1!3m2!1sde!2sde!4v1563889115452!5m2!1sde!2sde\" style=\"border:0\" allowfullscreen=\"\" width=\"600\" height=\"450\" frameborder=\"0\"><\/iframe>\n","protected":false},"excerpt":{"rendered":"<p>Einsatzart Hilfeleistung Einsatzstichwort Unwetter Einsatzort Gemeinde Weinb\u00f6hla Einsatzbeginn 12.07.2019 18:49 Einsatzende 12.07.2019 21:05 Einsatzkr\u00e4fte 25 Fahrzeuge KdoW, LF, TLF, VRW, MTW Weitere Kr\u00e4fte &#8212; Einsatzbericht Ein Starkregengebiet zog durch Weinb\u00f6hla. Dies verschaffte der Feuerwehr 8 Eins\u00e4tze. \u00dcberflutung s\u00e4mtlicher Unterf\u00fchrungen und Keller waren die Folgen. Links &#8212;<\/p>\n","protected":false},"author":1,"featured_media":0,"parent":0,"menu_order":0,"comment_status":"closed","ping_status":"closed","template":"","meta":{"footnotes":""},"class_list":["post-683","page","type-page","status-publish","hentry"],"_links":{"self":[{"href":"https:\/\/feuerwehr-weinboehla.de\/index.php?rest_route=\/wp\/v2\/pages\/683","targetHints":{"allow":["GET"]}}],"collection":[{"href":"https:\/\/feuerwehr-weinboehla.de\/index.php?rest_route=\/wp\/v2\/pages"}],"about":[{"href":"https:\/\/feuerwehr-weinboehla.de\/index.php?rest_route=\/wp\/v2\/types\/page"}],"author":[{"embeddable":true,"href":"https:\/\/feuerwehr-weinboehla.de\/index.php?rest_route=\/wp\/v2\/users\/1"}],"replies":[{"embeddable":true,"href":"https:\/\/feuerwehr-weinboehla.de\/index.php?rest_route=%2Fwp%2Fv2%2Fcomments&post=683"}],"version-history":[{"count":2,"href":"https:\/\/feuerwehr-weinboehla.de\/index.php?rest_route=\/wp\/v2\/pages\/683\/revisions"}],"predecessor-version":[{"id":686,"href":"https:\/\/feuerwehr-weinboehla.de\/index.php?rest_route=\/wp\/v2\/pages\/683\/revisions\/686"}],"wp:attachment":[{"href":"https:\/\/feuerwehr-weinboehla.de\/index.php?rest_route=%2Fwp%2Fv2%2Fmedia&parent=683"}],"curies":[{"name":"wp","href":"https:\/\/api.w.org\/{rel}","templated":true}]}}