{"id":738,"date":"2019-11-04T13:04:25","date_gmt":"2019-11-04T13:04:25","guid":{"rendered":"http:\/\/fw-wbl.feuerwehr-weinboehla.de\/?page_id=738"},"modified":"2019-11-04T13:04:27","modified_gmt":"2019-11-04T13:04:27","slug":"einsatz-110-2019","status":"publish","type":"page","link":"https:\/\/feuerwehr-weinboehla.de\/?page_id=738","title":{"rendered":"Einsatz 110 &#8211; 2019"},"content":{"rendered":"\n<table class=\"wp-block-table has-subtle-light-gray-background-color has-fixed-layout has-background is-style-stripes\"><tbody><tr><td>Einsatzart<\/td><td>Brand<\/td><\/tr><tr><td>Einsatzstichwort<\/td><td>Einfamilienhaus<\/td><\/tr><tr><td>Einsatzort<\/td><td>Steinbach, Zehnweg<\/td><\/tr><tr><td>Einsatzbeginn<\/td><td>24.08.2019 04:35<\/td><\/tr><tr><td>Einsatzende<\/td><td>24.08.2019 11:45<\/td><\/tr><tr><td>Einsatzkr\u00e4fte<\/td><td>26<\/td><\/tr><tr><td>Fahrzeuge<\/td><td>KdoW, LF, TLF, TLK, ELW 2, GWA<\/td><\/tr><tr><td>Weitere Kr\u00e4fte<\/td><td>FF Steinbach<\/td><\/tr><tr><td>Einsatzbericht<\/td><td>Brand eines Einfamilienhauses, aufgrund der Art des Einsatzes hier kein ausf\u00fchrlicher Bericht.<\/td><\/tr><tr><td>Links<\/td><td>&#8212;<\/td><\/tr><\/tbody><\/table>\n\n\n\n<iframe loading=\"lazy\" src=\"https:\/\/www.google.com\/maps\/embed?pb=!1m18!1m12!1m3!1d3187.536207180887!2d13.623433615977506!3d51.19071544162879!2m3!1f0!2f0!3f0!3m2!1i1024!2i768!4f13.1!3m3!1m2!1s0x4709d37302e82bed%3A0x1ed2554f54b4bf0a!2sZehnweg%2C%2001468%20Moritzburg!5e1!3m2!1sde!2sde!4v1572872652556!5m2!1sde!2sde\" width=\"600\" height=\"450\" frameborder=\"0\" style=\"border:0;\" allowfullscreen=\"\"><\/iframe>\n","protected":false},"excerpt":{"rendered":"<p>Einsatzart Brand Einsatzstichwort Einfamilienhaus Einsatzort Steinbach, Zehnweg Einsatzbeginn 24.08.2019 04:35 Einsatzende 24.08.2019 11:45 Einsatzkr\u00e4fte 26 Fahrzeuge KdoW, LF, TLF, TLK, ELW 2, GWA Weitere Kr\u00e4fte FF Steinbach Einsatzbericht Brand eines Einfamilienhauses, aufgrund der Art des Einsatzes hier kein ausf\u00fchrlicher Bericht. Links &#8212;<\/p>\n","protected":false},"author":1,"featured_media":0,"parent":0,"menu_order":0,"comment_status":"closed","ping_status":"closed","template":"","meta":{"footnotes":""},"class_list":["post-738","page","type-page","status-publish","hentry"],"_links":{"self":[{"href":"https:\/\/feuerwehr-weinboehla.de\/index.php?rest_route=\/wp\/v2\/pages\/738","targetHints":{"allow":["GET"]}}],"collection":[{"href":"https:\/\/feuerwehr-weinboehla.de\/index.php?rest_route=\/wp\/v2\/pages"}],"about":[{"href":"https:\/\/feuerwehr-weinboehla.de\/index.php?rest_route=\/wp\/v2\/types\/page"}],"author":[{"embeddable":true,"href":"https:\/\/feuerwehr-weinboehla.de\/index.php?rest_route=\/wp\/v2\/users\/1"}],"replies":[{"embeddable":true,"href":"https:\/\/feuerwehr-weinboehla.de\/index.php?rest_route=%2Fwp%2Fv2%2Fcomments&post=738"}],"version-history":[{"count":1,"href":"https:\/\/feuerwehr-weinboehla.de\/index.php?rest_route=\/wp\/v2\/pages\/738\/revisions"}],"predecessor-version":[{"id":751,"href":"https:\/\/feuerwehr-weinboehla.de\/index.php?rest_route=\/wp\/v2\/pages\/738\/revisions\/751"}],"wp:attachment":[{"href":"https:\/\/feuerwehr-weinboehla.de\/index.php?rest_route=%2Fwp%2Fv2%2Fmedia&parent=738"}],"curies":[{"name":"wp","href":"https:\/\/api.w.org\/{rel}","templated":true}]}}