{"id":739,"date":"2019-11-04T13:06:28","date_gmt":"2019-11-04T13:06:28","guid":{"rendered":"http:\/\/fw-wbl.feuerwehr-weinboehla.de\/?page_id=739"},"modified":"2019-11-04T13:06:30","modified_gmt":"2019-11-04T13:06:30","slug":"einsatz-111-2019-2","status":"publish","type":"page","link":"https:\/\/feuerwehr-weinboehla.de\/?page_id=739","title":{"rendered":"Einsatz 111 &#8211; 2019"},"content":{"rendered":"\n<table class=\"wp-block-table has-subtle-light-gray-background-color has-fixed-layout has-background is-style-stripes\"><tbody><tr><td>Einsatzart<\/td><td>Brand<\/td><\/tr><tr><td>Einsatzstichwort<\/td><td>Brandmeldeanlage <\/td><\/tr><tr><td>Einsatzort<\/td><td>Mei\u00dfen, Wittigstra\u00dfe<\/td><\/tr><tr><td>Einsatzbeginn<\/td><td>24.08.2019 10:30<\/td><\/tr><tr><td>Einsatzende<\/td><td>24.08.2019 10:40<\/td><\/tr><tr><td>Einsatzkr\u00e4fte<\/td><td>5<\/td><\/tr><tr><td>Fahrzeuge<\/td><td>TLF<\/td><\/tr><tr><td>Weitere Kr\u00e4fte<\/td><td>&#8212;<\/td><\/tr><tr><td>Einsatzbericht<\/td><td>Einsatz auf Anfahrt abgebrochen<\/td><\/tr><tr><td>Links<\/td><td>&#8212;<\/td><\/tr><\/tbody><\/table>\n\n\n\n<iframe loading=\"lazy\" src=\"https:\/\/www.google.com\/maps\/embed?pb=!1m18!1m12!1m3!1d3190.2116468870017!2d13.455742115976536!3d51.152026044444675!2m3!1f0!2f0!3f0!3m2!1i1024!2i768!4f13.1!3m3!1m2!1s0x47a77df900a58ae9%3A0xcdccc49163e0a0ed!2sWittigstra%C3%9Fe%2C%2001662%20Mei%C3%9Fen!5e1!3m2!1sde!2sde!4v1572872776029!5m2!1sde!2sde\" width=\"600\" height=\"450\" frameborder=\"0\" style=\"border:0;\" allowfullscreen=\"\"><\/iframe>\n","protected":false},"excerpt":{"rendered":"<p>Einsatzart Brand Einsatzstichwort Brandmeldeanlage Einsatzort Mei\u00dfen, Wittigstra\u00dfe Einsatzbeginn 24.08.2019 10:30 Einsatzende 24.08.2019 10:40 Einsatzkr\u00e4fte 5 Fahrzeuge TLF Weitere Kr\u00e4fte &#8212; Einsatzbericht Einsatz auf Anfahrt abgebrochen Links &#8212;<\/p>\n","protected":false},"author":1,"featured_media":0,"parent":0,"menu_order":0,"comment_status":"closed","ping_status":"closed","template":"","meta":{"footnotes":""},"class_list":["post-739","page","type-page","status-publish","hentry"],"_links":{"self":[{"href":"https:\/\/feuerwehr-weinboehla.de\/index.php?rest_route=\/wp\/v2\/pages\/739","targetHints":{"allow":["GET"]}}],"collection":[{"href":"https:\/\/feuerwehr-weinboehla.de\/index.php?rest_route=\/wp\/v2\/pages"}],"about":[{"href":"https:\/\/feuerwehr-weinboehla.de\/index.php?rest_route=\/wp\/v2\/types\/page"}],"author":[{"embeddable":true,"href":"https:\/\/feuerwehr-weinboehla.de\/index.php?rest_route=\/wp\/v2\/users\/1"}],"replies":[{"embeddable":true,"href":"https:\/\/feuerwehr-weinboehla.de\/index.php?rest_route=%2Fwp%2Fv2%2Fcomments&post=739"}],"version-history":[{"count":1,"href":"https:\/\/feuerwehr-weinboehla.de\/index.php?rest_route=\/wp\/v2\/pages\/739\/revisions"}],"predecessor-version":[{"id":753,"href":"https:\/\/feuerwehr-weinboehla.de\/index.php?rest_route=\/wp\/v2\/pages\/739\/revisions\/753"}],"wp:attachment":[{"href":"https:\/\/feuerwehr-weinboehla.de\/index.php?rest_route=%2Fwp%2Fv2%2Fmedia&parent=739"}],"curies":[{"name":"wp","href":"https:\/\/api.w.org\/{rel}","templated":true}]}}